ine r(-1).
49
Let v(b) = -b**2 - 1634*b - 8152. What is v(-5)?
-7
Let o(h) = -2*h**2 + 5*h + 363. Determine o(21).
-414
Let u(s) = -21*s**3 + 5*s**2 - 5*s - 9. What is u(-1)?
22
Let v(t) = -1256*t + 26356. Give v(21).
-20
Let q(d) = 2*d**3 - 3*d**2 - 5*d + 1. Give q(4).
61
Let p(o) = 5*o**3 - 823*o**2 - 319*o - 1816. Determine p(165).
-1
Let w(d) = -2*d**3 + 12*d**2 - 21*d + 4. Determine w(2).
-6
Let t(r) = r**3 - 16*r - 18. Give t(-4).
-18
Let c(h) = -4*h**3 - 2*h**2 + 9*h + 54. Determine c(-3).
117
Let j(n) = -2*n**2 - 4*n + 35. Give j(4).
-13
Let x(h) = -2*h**2 + 32*h + 25. Give x(13).
103
Let u(a) = -a**2 + 60*a - 547. What is u(12)?
29
Let w(j) = 35*j + 1134. Calculate w(-42).
-336
Let y(b) = b**2 + 18*b - 90. What is y(-18)?
-90
Let z(b) = 84*b - 1327. Calculate z(16).
17
Let m(y) = y**2 + 200*y - 4139. Calculate m(19).
22
Let g(z) = z**2 - 30*z + 122. Determine g(6).
-22
Let s(r) = -709*r - 17042. What is s(-24)?
-26
Let m(a) = -829*a - 62172. What is m(-75)?
3
Let r(v) = 48*v - 2183. Give r(53).
361
Let m(p) = -40*p + 24. Calculate m(3).
-96
Let x(h) = 186*h - 1358. What is x(8)?
130
Let g(h) = 10*h - 214. Give g(23).
16
Let f(c) = -3*c**3 - 48*c**2 + 8*c + 104. Give f(-16).
-24
Let z(k) = -3*k**2 - 30*k + 101. Give z(6).
-187
Let m(q) = -6*q**3 - 59*q**2 + 380*q + 3687. Determine m(-10).
-13
Let c(l) = l**3 - 11*l**2 + 811*l - 4676. Determine c(6).
10
Let p(z) = 99*z - 6640. Give p(67).
-7
Let t(z) = -z**3 + 15*z**2 - 53*z - 3. Calculate t(9).
6
Let c(t) = -131*t - 657. Give c(-5).
-2
Let l(y) = 96*y + 146. Give l(-3).
-142
Let r(a) = 557*a + 15055. Calculate r(-27).
16
Let j(p) = -2*p**2 - 3*p + 53. What is j(10)?
-177
Let f(x) = 2392*x + 33440. Give f(-14).
-48
Let l(y) = 15*y + 152. Determine l(-12).
-28
Let g(s) = -20*s**2 - 101*s + 101. What is g(-6)?
-13
Let s(h) = 15*h + 329. Give s(-21).
14
Let c(d) = -5*d**2 + 177*d + 27. Determine c(34).
265
Let q(t) = -70*t + 75. Calculate q(1).
5
Let q(g) = g**2 - 64*g - 691. What is q(70)?
-271
Let j(v) = 2*v**2 - 33*v + 36. Give j(16).
20
Let i(k) = -102*k + 109. Give i(1).
7
Let b(a) = -a**3 + 51*a**2 - 208*a - 16. Determine b(4).
-96
Let i(v) = -v**2 + 61*v - 337. What is i(52)?
131
Let p(d) = 85*d**2 - 5*d - 3. Calculate p(-1).
87
Let l(q) = -14*q**3 - q**2 - 475*q - 473. Determine l(-1).
15
Let l(j) = 8*j + 423. Determine l(-58).
-41
Let d(m) = 87*m**3 - 351*m**2 + 11*m - 4. Determine d(4).
-8
Let x(p) = p**3 + 3*p**2 - 19*p - 18. Give x(5).
87
Let t(s) = s**3 + 4*s**2 - 4*s - 3. Determine t(-2).
13
Let y(o) = -o**2 + 69*o - 1163. Calculate y(37).
21
Let h(r) = 633*r + 4422. Calculate h(-7).
-9
Let y(i) = i**3 - 20*i**2 + 32*i + 87. Determine y(18).
15
Let o(f) = f**2 + 5*f + 26. What is o(-6)?
32
Let r(p) = p**2 + 65*p - 831. Determine r(-76).
5
Let k(c) = -c**3 - 3*c**2 + 170*c - 452. Determine k(3).
4
Let l(j) = -1441*j + 8641. Calculate l(6).
-5
Let f(v) = v**2 - 21*v - 1078. Determine f(44).
-66
Let u(v) = -3*v**2 - 62*v - 259. Determine u(-15).
-4
Let s(g) = 319*g - 6096. Determine s(18).
-354
Let o(m) = -15*m + 1382. Calculate o(90).
32
Let v(l) = -1179*l - 17666. Give v(-15).
19
Let k(n) = 172*n - 2067. Give k(11).
-175
Let f(k) = -59*k - 570. Give f(-10).
20
Let n(d) = 70*d + 204. Calculate n(-3).
-6
Let t(p) = 64*p**3 - 4*p**2 + 7*p - 3. Calculate t(2).
507
Let n(c) = 3*c**2 - 119*c - 430. Give n(43).
0
Let r(i) = i**3 + 43*i**2 - 38*i + 212. Determine r(-44).
-52
Let n(m) = m**2 + 19*m + 82. Determine n(-8).
-6
Let b(k) = k**2 + 1330*k - 38036. Calculate b(28).
-12
Let v(n) = -31*n + 225. Determine v(7).
8
Let r(k) = 17*k**3 + 204*k**2 - 2*k - 21. What is r(-12)?
3
Let h(f) = -32*f + 126. Calculate h(2).
62
Let g(j) = -92*j + 13. Determine g(0).
13
Let n(u) = -u + 14. Determine n(-59).
73
Let n(h) = 2*h**2 + 55*h - 409. Determine n(-33).
-46
Let i(q) = -3051*q**2 - 15257*q - 17. Give i(-5).
-7
Let m(q) = 41*q**2 - 639*q - 268. Determine m(16).
4
Let i(q) = -55*q + 303. Determine i(7).
-82
Let m(z) = 624*z + 5611. Determine m(-9).
-5
Let f(d) = 3*d**2 + 32*d - 2. What is f(-14)?
138
Let w(k) = -k**3 - 42*k**2 + 139*k + 171. Give w(-45).
-9
Let z(q) = -42*q**2 - 15*q + 5. Calculate z(1).
-52
Let y(x) = -3*x**3 - 454*x**2 - 163*x - 1706. Calculate y(-151).
106
Let j(s) = -2*s**2 - 63*s + 659. What is j(9)?
-70
Let p(u) = -7*u**3 - 2*u**2 - u + 2. Determine p(3).
-208
Let f(t) = -12*t**2 + 203*t - 60. Determine f(6).
726
Let x(r) = 7*r - 54. Determine x(8).
2
Let h(o) = -o**3 + 47*o**2 - 52*o + 77. Determine h(46).
-199
Let g(r) = 422*r + 36303. Determine g(-86).
11
Let n(g) = 107*g - 2139. What is n(20)?
1
Let b(t) = -t**2 - 42*t + 216. Give b(-47).
-19
Let f(w) = -20*w - 22. Calculate f(-4).
58
Let k(o) = -o**2 - 103*o + 530. Give k(5).
-10
Let j(d) = 731*d + 6562. Calculate j(-9).
-17
Let u(w) = 145*w - 1022. Give u(7).
-7
Let y(k) = -87*k - 1830. Calculate y(-21).
-3
Let d(i) = 5*i**2 - 39*i - 3. Determine d(4).
-79
Let d(f) = -11*f**2 + 169*f + 469. What is d(18)?
-53
Let v(p) = -11*p**2 - 13*p - 51. What is v(-7)?
-499
Let w(a) = -a**2 - 15*a - 690. What is w(0)?
-690
Let a(b) = -27*b**2 + 135*b + 273. Calculate a(-2).
-105
Let w(t) = 173*t + 57. Calculate w(-2).
-289
Let d(k) = -11*k**2 + 8*k + 23. Determine d(-3).
-100
Let b(p) = -2*p**2 + 445*p + 8660. Determine b(-18).
2
Let x(p) = -p**2 + 36*p - 346. What is x(23)?
-47
Let n(d) = -2*d**2 - 32*d - 1. What is n(-14)?
55
Let t(c) = -6*c + 340. What is t(36)?
124
Let a(y) = y**2 + 3*y - 1. Determine a(11).
153
Let f(g) = g**3 + 5*g**2 - 6*g - 4. Calculate f(2).
12
Let b(z) = 61*z - 1222. Calculate b(20).
-2
Let w(y) = y**3 - 25*y**2 + 19*y + 11. What is w(24)?
-109
Let u(x) = 3*x**3 - 23*x**2 + 3*x - 42. Determine u(8).
46
Let a(h) = -5355*h - 42834. What is a(-8)?
6
Let j(n) = 24*n**2 + 385*n + 4. Calculate j(-16).
-12
Let u(y) = -58*y**2 + 137*y - 422. Give u(3).
-533
Let k(i) = i**2 + 47*i + 194. Determine k(-42).
-16
Let v(q) = -11*q**2 - 15*q + 40. Determine v(4).
-196
Let s(l) = -l**3 - 8*l**2 + 5*l + 5. Give s(-4).
-79
Let v(b) = b**3 + 15*b**2 + 7*b - 6. Give v(-15).
-111
Let q(h) = -468*h - 11290. Determine q(-24).
-58
Let h(c) = 121*c + 7148. What is h(-59)?
9
Let t(w) = -w**3 + 5*w**2 - 3*w - 50. Calculate t(8).
-266
Let p(n) = 5*n**2 + 35*n + 73. Calculate p(-2).
23
Let m(u) = u**3 + 18*u**2 + 4*u + 79. Calculate m(-18).
7
Let f(z) = z**2 + 3*z - 36. Calculate f(4).
-8
Let s(t) = -t**3 + 7*t**2 - 4*t - 18. Give s(6).
-6
Let z(c) = 14*c**2 - 328*c + 947. Give z(20).
-13
Let r(t) = -t**2 + 13*t - 35. Determine r(7).
7
Let r(g) = -24*g + 2259. Calculate r(96).
-45
Let a(r) = r**2 - 30*r + 103. What is a(26)?
-1
Let s(j) = 12*j**3 - 3*j**2 - 11*j - 10. Give s(-3).
-328
Let k(z) = 34*z - 80. What is k(3)?
22
Let x(t) = -3*t**2 + 90*t + 81. What is x(16)?
753
Let c(x) = 200*x - 1265. What is c(6)?
-65
Let b(n) = 28*n - 128. Determine b(5).
12
Let k(n) = -2*n**3 + 30*n**2 - 22*n - 60. What is k(14)?
24
Let s(p) = 2*p**3 + 13*p**2 - 37*p + 30. What is s(-9)?
-42
Let g(w) = 2211*w - 64115. Calculate g(29).
4
Let c(b) = 2*b**3 + 17*b**2 - 8*b + 14. Give c(0).
14
Let j(k) = k**2 + 49*k + 148. Calculate j(-41).
-180
Let c(w) = -2*w**3 + 58*w**2 + 117*w + 210. Give c(31).
-7
Let b(j) = -2*j**2 - 63*j - 445. What is b(-11)?
6
Let y(p) = 13*p**2 + 129*p - 1. Calculate y(-10).
9
Let i(j) = 68*j**3 - 4*j**2 - j + 4. Determine i(1).
67
Let j(r) = -r**3 + 84*r**2 - 105*r - 4832. Calculate j(82).
6
Let p(y) = -4*y**3 + 458*y**2 + 217*y + 1498. Calculate p(115).
3
Let r(s) = -69*s**2 - 76*s - 223. Determine r(-3).
-616
Let x(h) = -h**2 - 653*h + 3940. What is x(6)?
-14
Let f(v) = 102*v - 5304. Give f(52).
0
Let d(i) = 30*i**3 + 14*i**2 - 17*i + 6. Determine d(1).
33
Let g(r) = -r**2 - 1611*r + 24393. Give g(15).
3
Let b(z) = 122*z + 356. Determine b(-3).
-10
Let b(s) = -2*s**2 - 38*s - 127. Determine b(-17).
-59
Let v(l) = -l**2 + 3*l - 7. Calculate v(4).
-11
Let o(y) = 10*y**3 + 158*y**2 - 28*y + 93. Give o(-16).
29
Let r(j) = -j + 15. What is r(4)?
11
Let k(l) = 2321*l - 2326. What is k(1)?
-5
Let s(y) = 2*y**3 + 79*y**2 + 28*y - 160. Determine s(-39).
269
Let f(d) = -d**2 + 193*d + 13030. Determine f(246).
-8
Let z(w) = 143*w + 544. Give z(-4).
-28
Let a(c) = -c**3 + 7*c**2 - 923*c + 8478. Give a(9).
9
Let j(v) = v**3 + 